Give o(6).
722
Let r(s) = s**3 - 2*s**2 + 62*s - 376. What is r(5)?
9
Let k(a) = a**3 - 202*a**2 + 930*a - 66270. Calculate k(199).
-3
Let x(q) = -238*q + 11551. Calculate x(49).
-111
Let c(k) = -21*k**2 - 365*k - 226. Calculate c(-16).
238
Let i(j) = 681*j + 2892. What is i(-7)?
-1875
Let l(k) = 792*k**3 - 12*k**2 + 6*k + 2. Calculate l(-1).
-808
Let q(u) = -632*u - 20006. Calculate q(-30).
-1046
Let x(m) = -10713*m - 25. Calculate x(0).
-25
Let j(h) = -39221*h + 666752. Give j(17).
-5
Let l(o) = 2821*o + 19504. What is l(-7)?
-243
Let h(a) = -18035*a + 17714. Calculate h(1).
-321
Let p(j) = -j**3 - 61*j**2 + 239*j - 1264. What is p(-65)?
101
Let s(v) = -v**3 - 61*v**2 + 81*v + 1572. Give s(-62).
394
Let r(q) = -72*q + 5264. Calculate r(58).
1088
Let c(h) = -h**3 - 38*h**2 - 142*h - 1345. Give c(-32).
-2945
Let n(w) = -2*w**3 - 451*w**2 - 10891*w - 303. What is n(-198)?
-105
Let s(m) = m**3 - 97*m**2 + 560*m - 1268. Give s(91).
6
Let v(i) = -116*i + 21105. Calculate v(182).
-7
Let l(w) = 4*w**2 + 534*w + 2609. What is l(-5)?
39
Let c(g) = -1170*g**2 + 8195*g + 41. Determine c(7).
76
Let y(b) = 945*b**2 + 11353*b + 5. Determine y(-12).
-151
Let b(o) = 76662*o - 2223188. Give b(29).
10
Let y(z) = -2*z**3 - 250*z**2 - 2005*z + 744. Calculate y(-9).
-3
Let j(y) = -68*y**3 + 2*y**2 + 278*y - 559. Calculate j(2).
-539
Let l(r) = -17*r**3 - 8*r**2 - 146*r - 303. Give l(-2).
93
Let g(i) = 6*i**2 + 477*i - 11578. Calculate g(-99).
5
Let w(a) = -a**2 - 4116*a - 2450468. Give w(-722).
0
Let s(q) = -25721*q + 4346848. Give s(169).
-1
Let y(v) = -15*v**2 - 2117*v - 278. What is y(-141)?
4
Let a(n) = -2*n**3 - 2285*n**2 - 286725*n - 11979. Calculate a(-999).
9
Let c(b) = -96*b**2 + 696*b - 5. Determine c(5).
1075
Let u(b) = -194*b - 3585. Calculate u(-9).
-1839
Let m(y) = 64883*y - 1686935. Calculate m(26).
23
Let f(k) = k**3 - 44*k**2 + 14*k + 258. Determine f(43).
-989
Let x(p) = 58011*p - 115993. Determine x(2).
29
Let n(o) = 128*o**2 - 3516*o - 1914. Calculate n(28).
-10
Let t(w) = w**3 - 149*w**2 + 956*w + 5529. Calculate t(142).
133
Let s(j) = -j**3 + 101*j**2 - 690*j + 349. Determine s(7).
125
Let q(d) = d**2 + 2204*d + 478501. Calculate q(-244).
261
Let o(v) = -13*v**3 + 782*v**2 - 842*v + 43332. What is o(60)?
12
Let n(p) = -16*p**3 + 3*p**2 - 171*p + 530. What is n(3)?
-388
Let k(v) = -v**3 - 177*v**2 + 913*v - 250. Determine k(-182).
-796
Let c(w) = 18*w**3 + 24*w**2 - 46*w + 15. Give c(2).
163
Let f(a) = -a**2 + 1211*a - 10832. Give f(9).
-14
Let n(k) = 15233*k + 959631. What is n(-63)?
-48
Let i(n) = -702*n + 8400. Calculate i(10).
1380
Let f(n) = 1818*n + 110049. Calculate f(-62).
-2667
Let u(a) = -71963*a + 31519802. Determine u(438).
8
Let z(n) = -3*n**3 - 772*n**2 - 253*n + 1035. Determine z(-257).
7
Let y(c) = -3827*c - 26759. Calculate y(-7).
30
Let z(p) = 2*p**2 - 3012*p - 24229. What is z(-8)?
-5
Let r(b) = b**3 - 321*b**2 + 2294*b - 528270. Calculate r(319).
-6
Let w(i) = -14458*i + 188088. Give w(13).
134
Let k(w) = 29328*w + 850257. Determine k(-29).
-255
Let v(y) = 2*y**3 - 1914*y**2 + 200879*y + 798. What is v(837)?
-39
Let z(d) = -2*d**2 + 2024*d - 5. Determine z(0).
-5
Let x(o) = -1203*o + 20357. What is x(17)?
-94
Let k(g) = -26*g**3 - 3*g**2 + 212*g - 417. Determine k(2).
-213
Let h(m) = -6964*m + 153214. Determine h(22).
6
Let u(d) = 2*d**2 + 69*d + 1365. Give u(-25).
890
Let i(b) = -b**3 + 33*b**2 - 2440*b + 80537. Give i(33).
17
Let p(i) = -2*i**2 - 81*i - 820. Determine p(-30).
-190
Let q(y) = -149*y**2 + 1785*y - 3997. Calculate q(3).
17
Let o(w) = w**3 - 199*w**2 - 991*w - 48975. Determine o(205).
20
Let j(p) = 3239*p + 204032. Calculate j(-63).
-25
Let r(d) = -d**3 - 23*d**2 + 60*d + 2613. What is r(-14)?
9
Let h(z) = 15*z**2 - 5528*z - 5560. Calculate h(-1).
-17
Let n(o) = 7*o**3 - 98*o**2 - 168*o - 893. Give n(16).
3
Let k(a) = 261*a + 32241. Calculate k(-123).
138
Let a(j) = -661*j + 16493. What is a(25)?
-32
Let b(a) = -482*a - 10572. What is b(-22)?
32
Let a(f) = 2*f**3 - 24*f**2 - 26*f - 86. Calculate a(14).
334
Let j(z) = -10*z**2 + 198*z + 99. What is j(20)?
59
Let q(n) = 78*n**3 + 309*n**2 - 16*n - 23. Determine q(-4).
-7
Let x(m) = 18922*m - 5373841. What is x(284)?
7
Let k(x) = -275*x**2 + 808*x - 8. What is k(3)?
-59
Let f(s) = -s**2 + 167*s - 6545. Determine f(63).
7
Let w(s) = 1426*s + 190957. Give w(-134).
-127
Let n(g) = -5884149*g - 23536593. Give n(-4).
3
Let p(c) = -97*c**3 + 6*c**2 - 22*c - 44. Calculate p(-2).
800
Let g(h) = 35*h + 7472. Give g(-216).
-88
Let o(a) = 10*a**2 - 4019*a - 71184. Calculate o(-17).
29
Let c(v) = 2*v**3 + 661*v**2 + 682*v + 116158. What is c(-330)?
-2
Let r(i) = -2*i**2 - 153*i + 65. Calculate r(-82).
-837
Let q(f) = -f**3 - 69*f**2 - 820*f - 45966. What is q(-67)?
-4
Let v(b) = b**3 - 247*b**2 - 12799*b - 1469. Determine v(291).
-14
Let s(g) = 825*g**3 + 13201*g**2 - g - 271. Determine s(-16).
1
Let c(y) = 7*y**3 - 124*y**2 + 103*y - 365. Give c(17).
-59
Let w(t) = -24*t + 185. What is w(2)?
137
Let k(g) = -65946*g + 461456. Calculate k(7).
-166
Let p(n) = -n**3 - 127*n**2 - 2341*n - 3289. Give p(-105).
-34
Let j(p) = 4*p**2 + 279*p - 148. Give j(-74).
1110
Let j(w) = 672*w**2 + 8069*w - 63. Calculate j(-12).
-123
Let d(o) = -114*o**2 + 39444*o - 96. Calculate d(346).
-96
Let l(i) = 3*i**3 + 893*i**2 + 559*i - 10432. Calculate l(-297).
-37
Let j(l) = -444*l**3 - 4002*l**2 - 31*l + 161. Give j(-9).
-46
Let d(z) = -4*z**3 + 65*z**2 - 24*z + 42. What is d(16)?
-86
Let u(m) = -m**3 + 42*m**2 - 312*m - 75. Determine u(10).
5
Let v(l) = 45*l**2 + 123*l - 819. Determine v(-9).
1719
Let n(p) = 229383*p - 3211348. Determine n(14).
14
Let z(k) = k**3 - 50*k**2 - 125*k - 1467. Determine z(53).
335
Let b(h) = 2089*h + 6353. Calculate b(-3).
86
Let h(v) = 3*v**3 - 659*v**2 - 4099*v + 26. Calculate h(-6).
248
Let y(i) = i**3 - 13*i**2 - 74*i + 982. Calculate y(14).
142
Let i(k) = 29306*k - 556777. Calculate i(19).
37
Let q(b) = b**3 + 243*b**2 - 469*b + 5051. Determine q(-245).
-94
Let v(b) = b**2 - 10011*b - 261118. Calculate v(-26).
-156
Let i(t) = 11849*t - 236958. Determine i(20).
22
Let p(d) = 4*d**3 + 79*d**2 + 1962*d + 36204. Give p(-19).
9
Let v(g) = -3*g**3 + 16*g**2 - 9*g - 53. Determine v(7).
-361
Let w(t) = 80*t**3 + 4637*t**2 - 167*t + 426. Determine w(-58).
20
Let i(p) = -17*p**2 - 569*p - 4773. Determine i(-17).
-13
Let f(o) = 92*o**3 - 262*o**2 + 49*o - 25. Determine f(4).
1867
Let f(w) = -46759*w - 327302. Determine f(-7).
11
Let b(t) = -58*t**2 + 142*t - 231. Determine b(4).
-591
Let r(l) = l**3 - 56*l**2 + 696*l - 36. Give r(20).
-516
Let z(c) = -c**2 - 490*c - 16770. Calculate z(-37).
-9
Let b(l) = 86448*l - 5359767. What is b(62)?
9
Let x(q) = -2*q**3 - 12*q**2 - 638*q - 1867. Determine x(-3).
-7
Let a(n) = 2*n**3 + 151*n**2 + 380*n + 1103. What is a(-73)?
8
Let f(y) = 6*y**2 + 116*y + 18. Calculate f(0).
18
Let l(b) = 8509*b - 17426431. What is l(2048)?
1
Let m(w) = -796757*w + 796752. Determine m(1).
-5
Let w(m) = 27*m + 2382. Determine w(-77).
303
Let g(m) = -4*m**2 - 128565*m - 771241. What is g(-6)?
5
Let k(p) = 8784*p + 2336565. Determine k(-266).
21
Let s(j) = -3*j**2 - 473*j - 16778. Determine s(-93).
1264
Let w(j) = -3*j**3 - 298*j**2 - 1231*j + 399. Determine w(-95).
19
Let n(p) = -426305*p - 6394541. What is n(-15)?
34
Let v(i) = 10*i**2 + 875*i + 862. What is v(-1)?
-3
Let f(c) = -2*c**3 - 18*c**2 - 80*c - 481. Give f(-5).
-281
Let o(u) = 79*u**2 + 2746*u - 5578. Determine o(2).
230
Let i(k) = k**2 - 497*k + 40217. Determine i(102).
-73
Let y(j) = 5688*j + 4749486. What is y(-835)?
6
Let c(v) = 2*v**2 - 2144*v + 163985. Give c(83).
-189
Let x(s) = 601*s + 32434. Determine x(-54).
-20
Let b(u) = -13*u**3 - 220*u**2 + 4674*u + 79200. What is b(-17)?
31
Let t(l) = 2*l**3 - 65*l**2 - 256*l + 77. What is t(36)?
-67
Let j(a) = 106077*a - 424285. Determine j(4).
23
Let a(o) = 8*o**3 + 1452*o**2 - 724*o + 742. Give a(-182).
14
Let p(y) = 9*y**3 - 916*y**2 - 2805*y + 11. Determine p(-3).
-61
Let h(v) = -v**2 - v + 426. Calculate h(22).
-80
Let f(u) = 4*u**3 + 68*u**2 + 33*u + 592. What is f(-16)?
1088
Let m(d) = 1774252*d + 7096953. Calculate m(-4).
-55
Let p(k) = k**2 - 125*k + 1389. Calculate p(37).
-1867
Let p(r) = -r**3 + 11*r**2 + 626*r - 6278. What is